{"id":919,"date":"2024-01-31T14:28:58","date_gmt":"2024-01-31T13:28:58","guid":{"rendered":"https:\/\/www.abogadosmontequinto.com\/?page_id=919"},"modified":"2024-06-10T14:39:58","modified_gmt":"2024-06-10T12:39:58","slug":"asesoria-legal-y-financiera","status":"publish","type":"page","link":"https:\/\/www.abogadosmontequinto.com\/index.php\/asesoria-legal-y-financiera\/","title":{"rendered":"Asesor\u00eda legal y Financiera"},"content":{"rendered":"\t\t<div data-elementor-type=\"wp-page\" data-elementor-id=\"919\" class=\"elementor elementor-919\">\n\t\t\t\t<div class=\"elementor-element elementor-element-c7047ee e-con-full e-flex e-con e-parent\" data-id=\"c7047ee\" data-element_type=\"container\" data-e-type=\"container\">\n\t\t<div class=\"elementor-element elementor-element-5560db2 e-con-full e-flex e-con e-child\" data-id=\"5560db2\" data-element_type=\"container\" data-e-type=\"container\">\n\t\t\t\t<div class=\"elementor-element elementor-element-beca4de elementor-widget elementor-widget-heading\" data-id=\"beca4de\" data-element_type=\"widget\" data-e-type=\"widget\" data-widget_type=\"heading.default\">\n\t\t\t\t<div class=\"elementor-widget-container\">\n\t\t\t\t\t<h2 class=\"elementor-heading-title elementor-size-default\">Asesor\u00eda legal<br><strong>y Financiera<\/strong><\/h2>\t\t\t\t<\/div>\n\t\t\t\t<\/div>\n\t\t\t\t<div class=\"elementor-element elementor-element-9f903d8 elementor-widget elementor-widget-text-editor\" data-id=\"9f903d8\" data-element_type=\"widget\" data-e-type=\"widget\" data-widget_type=\"text-editor.default\">\n\t\t\t\t<div class=\"elementor-widget-container\">\n\t\t\t\t\t\t\t\t\t<p>Asesoramiento completo en asuntos civiles, mercantiles, fiscales, penales y laborales.<\/p>\t\t\t\t\t\t\t\t<\/div>\n\t\t\t\t<\/div>\n\t\t\t\t<\/div>\n\t\t<div class=\"elementor-element elementor-element-1cb5831 e-con-full e-flex e-con e-child\" data-id=\"1cb5831\" data-element_type=\"container\" data-e-type=\"container\">\n\t\t\t\t<div class=\"elementor-element elementor-element-b3d0307 elementor-widget elementor-widget-image\" data-id=\"b3d0307\" data-element_type=\"widget\" data-e-type=\"widget\" data-widget_type=\"image.default\">\n\t\t\t\t<div class=\"elementor-widget-container\">\n\t\t\t\t\t\t\t\t\t\t\t\t\t\t\t<img fetchpriority=\"high\" decoding=\"async\" width=\"2048\" height=\"1574\" src=\"https:\/\/www.abogadosmontequinto.com\/wp-content\/uploads\/2024\/01\/Piggy-Bank.G03.2k.png\" class=\"attachment-full size-full wp-image-922\" alt=\"\" srcset=\"https:\/\/www.abogadosmontequinto.com\/wp-content\/uploads\/2024\/01\/Piggy-Bank.G03.2k.png 2048w, https:\/\/www.abogadosmontequinto.com\/wp-content\/uploads\/2024\/01\/Piggy-Bank.G03.2k-300x231.png 300w, https:\/\/www.abogadosmontequinto.com\/wp-content\/uploads\/2024\/01\/Piggy-Bank.G03.2k-1024x787.png 1024w, https:\/\/www.abogadosmontequinto.com\/wp-content\/uploads\/2024\/01\/Piggy-Bank.G03.2k-768x590.png 768w, https:\/\/www.abogadosmontequinto.com\/wp-content\/uploads\/2024\/01\/Piggy-Bank.G03.2k-1536x1181.png 1536w, https:\/\/www.abogadosmontequinto.com\/wp-content\/uploads\/2024\/01\/Piggy-Bank.G03.2k-450x346.png 450w\" sizes=\"(max-width: 2048px) 100vw, 2048px\" \/>\t\t\t\t\t\t\t\t\t\t\t\t\t\t\t<\/div>\n\t\t\t\t<\/div>\n\t\t\t\t<\/div>\n\t\t\t\t<\/div>\n\t\t<div class=\"elementor-element elementor-element-64f69c1 e-con-full e-flex e-con e-parent\" data-id=\"64f69c1\" data-element_type=\"container\" data-e-type=\"container\" data-settings=\"{&quot;background_background&quot;:&quot;classic&quot;}\">\n\t\t\t\t<div class=\"elementor-element elementor-element-b3142e8 elementor-widget elementor-widget-image\" data-id=\"b3142e8\" data-element_type=\"widget\" data-e-type=\"widget\" data-widget_type=\"image.default\">\n\t\t\t\t<div class=\"elementor-widget-container\">\n\t\t\t\t\t\t\t\t\t\t\t\t\t\t\t<img decoding=\"async\" width=\"750\" height=\"182\" src=\"https:\/\/www.abogadosmontequinto.com\/wp-content\/uploads\/2024\/01\/AM-logo-original-blanco-1-1024x249.png\" class=\"attachment-large size-large wp-image-490\" alt=\"\" srcset=\"https:\/\/www.abogadosmontequinto.com\/wp-content\/uploads\/2024\/01\/AM-logo-original-blanco-1-1024x249.png 1024w, https:\/\/www.abogadosmontequinto.com\/wp-content\/uploads\/2024\/01\/AM-logo-original-blanco-1-300x73.png 300w, https:\/\/www.abogadosmontequinto.com\/wp-content\/uploads\/2024\/01\/AM-logo-original-blanco-1-768x187.png 768w, https:\/\/www.abogadosmontequinto.com\/wp-content\/uploads\/2024\/01\/AM-logo-original-blanco-1-450x109.png 450w, https:\/\/www.abogadosmontequinto.com\/wp-content\/uploads\/2024\/01\/AM-logo-original-blanco-1.png 1032w\" sizes=\"(max-width: 750px) 100vw, 750px\" \/>\t\t\t\t\t\t\t\t\t\t\t\t\t\t\t<\/div>\n\t\t\t\t<\/div>\n\t\t\t\t<\/div>\n\t\t<div class=\"elementor-element elementor-element-79e410b e-con-full e-flex e-con e-parent\" data-id=\"79e410b\" data-element_type=\"container\" data-e-type=\"container\">\n\t\t<div class=\"elementor-element elementor-element-4905a90 e-con-full e-flex e-con e-child\" data-id=\"4905a90\" data-element_type=\"container\" data-e-type=\"container\">\n\t\t\t\t<div class=\"elementor-element elementor-element-a1c4370 elementor-widget elementor-widget-text-editor\" data-id=\"a1c4370\" data-element_type=\"widget\" data-e-type=\"widget\" data-widget_type=\"text-editor.default\">\n\t\t\t\t<div class=\"elementor-widget-container\">\n\t\t\t\t\t\t\t\t\t<p>Tambi\u00e9n, ofrecemos una gesti\u00f3n ante insolvencia e impago de clientes. Todo ello, adem\u00e1s, a trav\u00e9s de una \u00a0Consultor\u00eda Estrat\u00e9gica profesional. Sobre todo, enfocada para toma la de decisiones y gesti\u00f3n financiera.<\/p>\t\t\t\t\t\t\t\t<\/div>\n\t\t\t\t<\/div>\n\t\t\t\t<div class=\"elementor-element elementor-element-639fdb2 elementor-widget elementor-widget-text-editor\" data-id=\"639fdb2\" data-element_type=\"widget\" data-e-type=\"widget\" data-widget_type=\"text-editor.default\">\n\t\t\t\t<div class=\"elementor-widget-container\">\n\t\t\t\t\t\t\t\t\t<p>\u00bfTienes problemas? Encuentra tu soluci\u00f3n<\/p>\t\t\t\t\t\t\t\t<\/div>\n\t\t\t\t<\/div>\n\t\t\t\t<div class=\"elementor-element elementor-element-b44378d elementor-widget elementor-widget-text-editor\" data-id=\"b44378d\" data-element_type=\"widget\" data-e-type=\"widget\" data-widget_type=\"text-editor.default\">\n\t\t\t\t<div class=\"elementor-widget-container\">\n\t\t\t\t\t\t\t\t\t<p>Con ello, en primer lugar, apostamos por ti y por tu proyecto. Y, en segundo lugar, te ayudaremos a resolver todos los conflictos que se planteen. Por tanto, finalmente te acompa\u00f1aremos en el d\u00eda a d\u00eda.<\/p><ul><li>Asistencia jur\u00eddica en toda la revisi\u00f3n de su situaci\u00f3n legal y financiera. \u2013 <em>\u201cPrimero, ver c\u00f3mo nos encontramos\u201c<\/em><\/li><li>Resoluci\u00f3n de dificultades. Planes de Refinanciaci\u00f3n y movimientos Corporativos \u2013 <em>\u201cFinalmente, arreglar antes de que sea tarde\u201d<\/em><\/li><\/ul>\t\t\t\t\t\t\t\t<\/div>\n\t\t\t\t<\/div>\n\t\t\t\t<\/div>\n\t\t<div class=\"elementor-element elementor-element-a7c5732 e-con-full e-flex e-con e-child\" data-id=\"a7c5732\" data-element_type=\"container\" data-e-type=\"container\">\n\t\t\t\t<div class=\"elementor-element elementor-element-2c837c1 elementor-widget elementor-widget-image\" data-id=\"2c837c1\" data-element_type=\"widget\" data-e-type=\"widget\" data-widget_type=\"image.default\">\n\t\t\t\t<div class=\"elementor-widget-container\">\n\t\t\t\t\t\t\t\t\t\t\t\t\t\t\t<img decoding=\"async\" width=\"750\" height=\"500\" src=\"https:\/\/www.abogadosmontequinto.com\/wp-content\/uploads\/2024\/01\/business-advice-2023-11-27-05-34-57-utc-1024x683.jpg\" class=\"attachment-large size-large wp-image-923\" alt=\"\" srcset=\"https:\/\/www.abogadosmontequinto.com\/wp-content\/uploads\/2024\/01\/business-advice-2023-11-27-05-34-57-utc-1024x683.jpg 1024w, https:\/\/www.abogadosmontequinto.com\/wp-content\/uploads\/2024\/01\/business-advice-2023-11-27-05-34-57-utc-300x200.jpg 300w, https:\/\/www.abogadosmontequinto.com\/wp-content\/uploads\/2024\/01\/business-advice-2023-11-27-05-34-57-utc-768x512.jpg 768w, https:\/\/www.abogadosmontequinto.com\/wp-content\/uploads\/2024\/01\/business-advice-2023-11-27-05-34-57-utc-1536x1024.jpg 1536w, https:\/\/www.abogadosmontequinto.com\/wp-content\/uploads\/2024\/01\/business-advice-2023-11-27-05-34-57-utc-2048x1365.jpg 2048w, https:\/\/www.abogadosmontequinto.com\/wp-content\/uploads\/2024\/01\/business-advice-2023-11-27-05-34-57-utc-450x300.jpg 450w\" sizes=\"(max-width: 750px) 100vw, 750px\" \/>\t\t\t\t\t\t\t\t\t\t\t\t\t\t\t<\/div>\n\t\t\t\t<\/div>\n\t\t\t\t<\/div>\n\t\t\t\t<\/div>\n\t\t<div class=\"elementor-element elementor-element-2386fe5 e-con-full e-flex e-con e-parent\" data-id=\"2386fe5\" data-element_type=\"container\" data-e-type=\"container\">\n\t\t<div class=\"elementor-element elementor-element-aad311c e-con-full e-flex e-con e-child\" data-id=\"aad311c\" data-element_type=\"container\" data-e-type=\"container\">\n\t\t\t\t<div class=\"elementor-element elementor-element-ca3ab08 elementor-widget elementor-widget-text-editor\" data-id=\"ca3ab08\" data-element_type=\"widget\" data-e-type=\"widget\" data-widget_type=\"text-editor.default\">\n\t\t\t\t<div class=\"elementor-widget-container\">\n\t\t\t\t\t\t\t\t\t<p><strong>Contacta directamente con un profesional para conocer su caso. Estudio previo sin coste.<\/strong><\/p><p>\u00a0<\/p><p>Colaboramos con IPF Consulting despacho de abogados y consultores especializados en Servicios Jur\u00eddicos a empresas y aut\u00f3nomos.<\/p>\t\t\t\t\t\t\t\t<\/div>\n\t\t\t\t<\/div>\n\t\t\t\t<\/div>\n\t\t<div class=\"elementor-element elementor-element-11703ce e-con-full e-flex e-con e-child\" data-id=\"11703ce\" data-element_type=\"container\" data-e-type=\"container\">\n\t\t\t\t<div class=\"elementor-element elementor-element-51f4611 elementor-widget elementor-widget-image\" data-id=\"51f4611\" data-element_type=\"widget\" data-e-type=\"widget\" data-widget_type=\"image.default\">\n\t\t\t\t<div class=\"elementor-widget-container\">\n\t\t\t\t\t\t\t\t\t\t\t\t\t\t\t<img loading=\"lazy\" decoding=\"async\" width=\"1267\" height=\"358\" src=\"https:\/\/www.abogadosmontequinto.com\/wp-content\/uploads\/2024\/01\/ipflogo.png\" class=\"attachment-full size-full wp-image-890\" alt=\"\" srcset=\"https:\/\/www.abogadosmontequinto.com\/wp-content\/uploads\/2024\/01\/ipflogo.png 1267w, https:\/\/www.abogadosmontequinto.com\/wp-content\/uploads\/2024\/01\/ipflogo-300x85.png 300w, https:\/\/www.abogadosmontequinto.com\/wp-content\/uploads\/2024\/01\/ipflogo-1024x289.png 1024w, https:\/\/www.abogadosmontequinto.com\/wp-content\/uploads\/2024\/01\/ipflogo-768x217.png 768w, https:\/\/www.abogadosmontequinto.com\/wp-content\/uploads\/2024\/01\/ipflogo-450x127.png 450w\" sizes=\"(max-width: 1267px) 100vw, 1267px\" \/>\t\t\t\t\t\t\t\t\t\t\t\t\t\t\t<\/div>\n\t\t\t\t<\/div>\n\t\t\t\t<\/div>\n\t\t\t\t<\/div>\n\t\t\t\t<\/div>\n\t\t","protected":false},"excerpt":{"rendered":"<p>Asesor\u00eda legaly Financiera Asesoramiento completo en asuntos civiles, mercantiles, fiscales, penales y laborales. Tambi\u00e9n, ofrecemos una gesti\u00f3n ante insolvencia e impago de clientes. Todo ello, adem\u00e1s, a trav\u00e9s de una \u00a0Consultor\u00eda Estrat\u00e9gica profesional. Sobre todo, enfocada para toma la de decisiones y gesti\u00f3n financiera. \u00bfTienes problemas? Encuentra tu soluci\u00f3n Con ello, en primer lugar, apostamos&hellip; <a class=\"more-link\" href=\"https:\/\/www.abogadosmontequinto.com\/index.php\/asesoria-legal-y-financiera\/\">Continue reading <span class=\"screen-reader-text\">Asesor\u00eda legal y Financiera<\/span><\/a><\/p>\n","protected":false},"author":1,"featured_media":0,"parent":0,"menu_order":0,"comment_status":"closed","ping_status":"closed","template":"","meta":{"inline_featured_image":false,"footnotes":""},"class_list":["post-919","page","type-page","status-publish","hentry","entry"],"yoast_head":"<!-- This site is optimized with the Yoast SEO plugin v27.4 - https:\/\/yoast.com\/product\/yoast-seo-wordpress\/ -->\n<title>Asesor\u00eda legal y Financiera - Abogados Montequinto<\/title>\n<meta name=\"robots\" content=\"index, follow, max-snippet:-1, max-image-preview:large, max-video-preview:-1\" \/>\n<link rel=\"canonical\" href=\"https:\/\/www.abogadosmontequinto.com\/index.php\/asesoria-legal-y-financiera\/\" \/>\n<meta property=\"og:locale\" content=\"es_ES\" \/>\n<meta property=\"og:type\" content=\"article\" \/>\n<meta property=\"og:title\" content=\"Asesor\u00eda legal y Financiera - Abogados Montequinto\" \/>\n<meta property=\"og:description\" content=\"Asesor\u00eda legaly Financiera Asesoramiento completo en asuntos civiles, mercantiles, fiscales, penales y laborales. Tambi\u00e9n, ofrecemos una gesti\u00f3n ante insolvencia e impago de clientes. Todo ello, adem\u00e1s, a trav\u00e9s de una \u00a0Consultor\u00eda Estrat\u00e9gica profesional. Sobre todo, enfocada para toma la de decisiones y gesti\u00f3n financiera. \u00bfTienes problemas? Encuentra tu soluci\u00f3n Con ello, en primer lugar, apostamos&hellip; Continue reading Asesor\u00eda legal y Financiera\" \/>\n<meta property=\"og:url\" content=\"https:\/\/www.abogadosmontequinto.com\/index.php\/asesoria-legal-y-financiera\/\" \/>\n<meta property=\"og:site_name\" content=\"Abogados Montequinto\" \/>\n<meta property=\"article:modified_time\" content=\"2024-06-10T12:39:58+00:00\" \/>\n<meta property=\"og:image\" content=\"https:\/\/www.abogadosmontequinto.com\/wp-content\/uploads\/2024\/01\/Piggy-Bank.G03.2k.png\" \/>\n<meta name=\"twitter:card\" content=\"summary_large_image\" \/>\n<meta name=\"twitter:label1\" content=\"Tiempo de lectura\" \/>\n\t<meta name=\"twitter:data1\" content=\"2 minutos\" \/>\n<script type=\"application\/ld+json\" class=\"yoast-schema-graph\">{\"@context\":\"https:\\\/\\\/schema.org\",\"@graph\":[{\"@type\":\"WebPage\",\"@id\":\"https:\\\/\\\/www.abogadosmontequinto.com\\\/index.php\\\/asesoria-legal-y-financiera\\\/\",\"url\":\"https:\\\/\\\/www.abogadosmontequinto.com\\\/index.php\\\/asesoria-legal-y-financiera\\\/\",\"name\":\"Asesor\u00eda legal y Financiera - Abogados Montequinto\",\"isPartOf\":{\"@id\":\"https:\\\/\\\/www.abogadosmontequinto.com\\\/#website\"},\"primaryImageOfPage\":{\"@id\":\"https:\\\/\\\/www.abogadosmontequinto.com\\\/index.php\\\/asesoria-legal-y-financiera\\\/#primaryimage\"},\"image\":{\"@id\":\"https:\\\/\\\/www.abogadosmontequinto.com\\\/index.php\\\/asesoria-legal-y-financiera\\\/#primaryimage\"},\"thumbnailUrl\":\"https:\\\/\\\/www.abogadosmontequinto.com\\\/wp-content\\\/uploads\\\/2024\\\/01\\\/Piggy-Bank.G03.2k.png\",\"datePublished\":\"2024-01-31T13:28:58+00:00\",\"dateModified\":\"2024-06-10T12:39:58+00:00\",\"breadcrumb\":{\"@id\":\"https:\\\/\\\/www.abogadosmontequinto.com\\\/index.php\\\/asesoria-legal-y-financiera\\\/#breadcrumb\"},\"inLanguage\":\"es\",\"potentialAction\":[{\"@type\":\"ReadAction\",\"target\":[\"https:\\\/\\\/www.abogadosmontequinto.com\\\/index.php\\\/asesoria-legal-y-financiera\\\/\"]}]},{\"@type\":\"ImageObject\",\"inLanguage\":\"es\",\"@id\":\"https:\\\/\\\/www.abogadosmontequinto.com\\\/index.php\\\/asesoria-legal-y-financiera\\\/#primaryimage\",\"url\":\"https:\\\/\\\/www.abogadosmontequinto.com\\\/wp-content\\\/uploads\\\/2024\\\/01\\\/Piggy-Bank.G03.2k.png\",\"contentUrl\":\"https:\\\/\\\/www.abogadosmontequinto.com\\\/wp-content\\\/uploads\\\/2024\\\/01\\\/Piggy-Bank.G03.2k.png\",\"width\":2048,\"height\":1574},{\"@type\":\"BreadcrumbList\",\"@id\":\"https:\\\/\\\/www.abogadosmontequinto.com\\\/index.php\\\/asesoria-legal-y-financiera\\\/#breadcrumb\",\"itemListElement\":[{\"@type\":\"ListItem\",\"position\":1,\"name\":\"Portada\",\"item\":\"https:\\\/\\\/www.abogadosmontequinto.com\\\/\"},{\"@type\":\"ListItem\",\"position\":2,\"name\":\"Asesor\u00eda legal y Financiera\"}]},{\"@type\":\"WebSite\",\"@id\":\"https:\\\/\\\/www.abogadosmontequinto.com\\\/#website\",\"url\":\"https:\\\/\\\/www.abogadosmontequinto.com\\\/\",\"name\":\"Abogados Montequinto\",\"description\":\"\",\"publisher\":{\"@id\":\"https:\\\/\\\/www.abogadosmontequinto.com\\\/#organization\"},\"potentialAction\":[{\"@type\":\"SearchAction\",\"target\":{\"@type\":\"EntryPoint\",\"urlTemplate\":\"https:\\\/\\\/www.abogadosmontequinto.com\\\/?s={search_term_string}\"},\"query-input\":{\"@type\":\"PropertyValueSpecification\",\"valueRequired\":true,\"valueName\":\"search_term_string\"}}],\"inLanguage\":\"es\"},{\"@type\":\"Organization\",\"@id\":\"https:\\\/\\\/www.abogadosmontequinto.com\\\/#organization\",\"name\":\"Abogados Montequinto\",\"url\":\"https:\\\/\\\/www.abogadosmontequinto.com\\\/\",\"logo\":{\"@type\":\"ImageObject\",\"inLanguage\":\"es\",\"@id\":\"https:\\\/\\\/www.abogadosmontequinto.com\\\/#\\\/schema\\\/logo\\\/image\\\/\",\"url\":\"https:\\\/\\\/www.abogadosmontequinto.com\\\/wp-content\\\/uploads\\\/2024\\\/01\\\/AM-logotipo-verde-claro.png\",\"contentUrl\":\"https:\\\/\\\/www.abogadosmontequinto.com\\\/wp-content\\\/uploads\\\/2024\\\/01\\\/AM-logotipo-verde-claro.png\",\"width\":8224,\"height\":2000,\"caption\":\"Abogados Montequinto\"},\"image\":{\"@id\":\"https:\\\/\\\/www.abogadosmontequinto.com\\\/#\\\/schema\\\/logo\\\/image\\\/\"}}]}<\/script>\n<!-- \/ Yoast SEO plugin. -->","yoast_head_json":{"title":"Asesor\u00eda legal y Financiera - Abogados Montequinto","robots":{"index":"index","follow":"follow","max-snippet":"max-snippet:-1","max-image-preview":"max-image-preview:large","max-video-preview":"max-video-preview:-1"},"canonical":"https:\/\/www.abogadosmontequinto.com\/index.php\/asesoria-legal-y-financiera\/","og_locale":"es_ES","og_type":"article","og_title":"Asesor\u00eda legal y Financiera - Abogados Montequinto","og_description":"Asesor\u00eda legaly Financiera Asesoramiento completo en asuntos civiles, mercantiles, fiscales, penales y laborales. Tambi\u00e9n, ofrecemos una gesti\u00f3n ante insolvencia e impago de clientes. Todo ello, adem\u00e1s, a trav\u00e9s de una \u00a0Consultor\u00eda Estrat\u00e9gica profesional. Sobre todo, enfocada para toma la de decisiones y gesti\u00f3n financiera. \u00bfTienes problemas? Encuentra tu soluci\u00f3n Con ello, en primer lugar, apostamos&hellip; Continue reading Asesor\u00eda legal y Financiera","og_url":"https:\/\/www.abogadosmontequinto.com\/index.php\/asesoria-legal-y-financiera\/","og_site_name":"Abogados Montequinto","article_modified_time":"2024-06-10T12:39:58+00:00","og_image":[{"url":"https:\/\/www.abogadosmontequinto.com\/wp-content\/uploads\/2024\/01\/Piggy-Bank.G03.2k.png","type":"","width":"","height":""}],"twitter_card":"summary_large_image","twitter_misc":{"Tiempo de lectura":"2 minutos"},"schema":{"@context":"https:\/\/schema.org","@graph":[{"@type":"WebPage","@id":"https:\/\/www.abogadosmontequinto.com\/index.php\/asesoria-legal-y-financiera\/","url":"https:\/\/www.abogadosmontequinto.com\/index.php\/asesoria-legal-y-financiera\/","name":"Asesor\u00eda legal y Financiera - Abogados Montequinto","isPartOf":{"@id":"https:\/\/www.abogadosmontequinto.com\/#website"},"primaryImageOfPage":{"@id":"https:\/\/www.abogadosmontequinto.com\/index.php\/asesoria-legal-y-financiera\/#primaryimage"},"image":{"@id":"https:\/\/www.abogadosmontequinto.com\/index.php\/asesoria-legal-y-financiera\/#primaryimage"},"thumbnailUrl":"https:\/\/www.abogadosmontequinto.com\/wp-content\/uploads\/2024\/01\/Piggy-Bank.G03.2k.png","datePublished":"2024-01-31T13:28:58+00:00","dateModified":"2024-06-10T12:39:58+00:00","breadcrumb":{"@id":"https:\/\/www.abogadosmontequinto.com\/index.php\/asesoria-legal-y-financiera\/#breadcrumb"},"inLanguage":"es","potentialAction":[{"@type":"ReadAction","target":["https:\/\/www.abogadosmontequinto.com\/index.php\/asesoria-legal-y-financiera\/"]}]},{"@type":"ImageObject","inLanguage":"es","@id":"https:\/\/www.abogadosmontequinto.com\/index.php\/asesoria-legal-y-financiera\/#primaryimage","url":"https:\/\/www.abogadosmontequinto.com\/wp-content\/uploads\/2024\/01\/Piggy-Bank.G03.2k.png","contentUrl":"https:\/\/www.abogadosmontequinto.com\/wp-content\/uploads\/2024\/01\/Piggy-Bank.G03.2k.png","width":2048,"height":1574},{"@type":"BreadcrumbList","@id":"https:\/\/www.abogadosmontequinto.com\/index.php\/asesoria-legal-y-financiera\/#breadcrumb","itemListElement":[{"@type":"ListItem","position":1,"name":"Portada","item":"https:\/\/www.abogadosmontequinto.com\/"},{"@type":"ListItem","position":2,"name":"Asesor\u00eda legal y Financiera"}]},{"@type":"WebSite","@id":"https:\/\/www.abogadosmontequinto.com\/#website","url":"https:\/\/www.abogadosmontequinto.com\/","name":"Abogados Montequinto","description":"","publisher":{"@id":"https:\/\/www.abogadosmontequinto.com\/#organization"},"potentialAction":[{"@type":"SearchAction","target":{"@type":"EntryPoint","urlTemplate":"https:\/\/www.abogadosmontequinto.com\/?s={search_term_string}"},"query-input":{"@type":"PropertyValueSpecification","valueRequired":true,"valueName":"search_term_string"}}],"inLanguage":"es"},{"@type":"Organization","@id":"https:\/\/www.abogadosmontequinto.com\/#organization","name":"Abogados Montequinto","url":"https:\/\/www.abogadosmontequinto.com\/","logo":{"@type":"ImageObject","inLanguage":"es","@id":"https:\/\/www.abogadosmontequinto.com\/#\/schema\/logo\/image\/","url":"https:\/\/www.abogadosmontequinto.com\/wp-content\/uploads\/2024\/01\/AM-logotipo-verde-claro.png","contentUrl":"https:\/\/www.abogadosmontequinto.com\/wp-content\/uploads\/2024\/01\/AM-logotipo-verde-claro.png","width":8224,"height":2000,"caption":"Abogados Montequinto"},"image":{"@id":"https:\/\/www.abogadosmontequinto.com\/#\/schema\/logo\/image\/"}}]}},"_links":{"self":[{"href":"https:\/\/www.abogadosmontequinto.com\/index.php\/wp-json\/wp\/v2\/pages\/919","targetHints":{"allow":["GET"]}}],"collection":[{"href":"https:\/\/www.abogadosmontequinto.com\/index.php\/wp-json\/wp\/v2\/pages"}],"about":[{"href":"https:\/\/www.abogadosmontequinto.com\/index.php\/wp-json\/wp\/v2\/types\/page"}],"author":[{"embeddable":true,"href":"https:\/\/www.abogadosmontequinto.com\/index.php\/wp-json\/wp\/v2\/users\/1"}],"replies":[{"embeddable":true,"href":"https:\/\/www.abogadosmontequinto.com\/index.php\/wp-json\/wp\/v2\/comments?post=919"}],"version-history":[{"count":5,"href":"https:\/\/www.abogadosmontequinto.com\/index.php\/wp-json\/wp\/v2\/pages\/919\/revisions"}],"predecessor-version":[{"id":1129,"href":"https:\/\/www.abogadosmontequinto.com\/index.php\/wp-json\/wp\/v2\/pages\/919\/revisions\/1129"}],"wp:attachment":[{"href":"https:\/\/www.abogadosmontequinto.com\/index.php\/wp-json\/wp\/v2\/media?parent=919"}],"curies":[{"name":"wp","href":"https:\/\/api.w.org\/{rel}","templated":true}]}}